et i(w) = 9*w**2 - 21*w - 22. List the prime factors of i(9).
2, 7, 37
Let r(a) = -a**2 + 7*a + 1. Let q be r(8). Let w = 91 - 37. Let x = w + q. What are the prime factors of x?
47
Let c(n) be the second derivative of -n**5/20 + n**3/2 + n**2 - 6*n. What are the prime factors of c(-3)?
2, 5
List the prime factors of 5 + -1 + -3 - -1559.
2, 3, 5, 13
Let t(w) = -w**2 + 10*w - 5. Let b be t(9). Suppose 18 = b*f - f. Suppose f*z = -0*z + 18. List the prime factors of z.
3
Let k = 449 + 44. What are the prime factors of k?
17, 29
Suppose 0 = 164*w - 160*w - 1636. List the prime factors of w.
409
Let m = 553 - -4297. List the prime factors of m.
2, 5, 97
Let d(i) = i**3 - 9*i**2 - 6*i + 21. Suppose 58 = -4*p - 30. Let j be 1/(-2)*p - 1. What are the prime factors of d(j)?
61
Let v(r) = -r - 4. Let u be v(-7). Let p(k) = -5 + u*k**2 + 0 - k**2 + 0 + 13*k. What are the prime factors of p(-8)?
19
Let l be (-22)/55 - (-17)/5. List the prime factors of -62*2*l/(-12) - 2.
29
Suppose 0 = 31*d - 56*d + 30425. What are the prime factors of d?
1217
Suppose 3*g - 3023 = -4*y, 9*g + 732 = y + 5*g. What are the prime factors of y?
2, 47
Suppose -120 = 3*t + 2*t + 3*k, -3*t + k = 72. Let z = t + 24. Suppose 3*f + b - 157 = -z*b, 210 = 4*f + 2*b. List the prime factors of f.
2, 13
Let b = 769 - 196. List the prime factors of b.
3, 191
List the prime factors of 6057/24 + 4 - (-21)/(-56).
2
Suppose -4*w + 5*o + 2021 = 0, 0*o + o - 3 = 0. Suppose 0 = -2*a - 5*h + 216, a + 4*a - 3*h = w. What are the prime factors of a?
103
Let j(v) = 3*v - 45. What are the prime factors of j(24)?
3
Suppose -71 - 17 = -4*t. Suppose 0 = 4*d + h - 42, -5*d - 4*h = -3*h - 53. Let c = t + d. List the prime factors of c.
3, 11
Let p = -99 - -142. Suppose -d + 5 = -40. Suppose -p - d = -4*s. List the prime factors of s.
2, 11
Let t(r) = r - 3. Let n be t(4). Let z(a) = 17*a - 1. Let h(g) = 35*g - 3. Let j(f) = -6*h(f) + 15*z(f). What are the prime factors of j(n)?
2, 3
Let h be (42/(-12))/(1/2). Suppose -2*s - 7*s = -252. Let o = s + h. List the prime factors of o.
3, 7
Let p(i) = i**3 - 17*i**2 + i - 24. List the prime factors of p(18).
2, 3, 53
Let r = -5451 - -7886. List the prime factors of r.
5, 487
Let q(n) = -n**3 - 6*n**2 - 11*n + 5. Let h(g) = -4*g - 2. Let m be h(1). What are the prime factors of q(m)?
71
Let d be 20/6 + (-28)/(-42). Suppose 120 = 2*w - 5*l + l, d*w = 5*l + 243. What are the prime factors of w?
2, 31
Let j = 336 + 336. List the prime factors of j.
2, 3, 7
Let t(f) = 2*f + 4 - 3 + 1 + 3*f**2. What are the prime factors of t(-2)?
2, 5
Let c = 1910 + 698. List the prime factors of c.
2, 163
Suppose 6*l - 1 = 23. Suppose -2*v + 15 = -l*q + 469, 5*v + 91 = q. What are the prime factors of q?
2, 29
Let n(c) = -c**2 - 12*c + 2. Suppose 3*p - 3 = g, 0*p - p + 5 = g. Let j be ((-20)/(-12))/(g/(-18)). What are the prime factors of n(j)?
2, 11
Suppose 3*v - 36 = 5*v. Let o be (-60)/v - (-2)/3. Suppose -o*j = 3*t - 110, -5*t + 4 = j - 15. What are the prime factors of j?
29
Suppose -3*y - 134 = -4*f, -y - 29 = 2*f + 29. Let r = 142 + y. What are the prime factors of r?
2, 23
Let n(b) = 2*b**3 - 10*b**2 - b - 14. What are the prime factors of n(10)?
2, 61
Let y = 47 - 44. Suppose -y*t - 5 = 7, q = -5*t - 6. What are the prime factors of q?
2, 7
Suppose 7*o = -2*m + 3*o + 20, 3*o - 4 = 4*m. Suppose -r + 3 = 5*p - 20, 0 = m*r + 5*p - 61. What are the prime factors of r?
2, 19
Suppose -50*x + 49*x = -610. List the prime factors of x.
2, 5, 61
Suppose 0*d - 2*t = -d + 14, 0 = -4*d - 5*t - 9. Let u be (-1)/(1/(-12)) - d. Let c(v) = -v**2 + 11*v + 3. What are the prime factors of c(u)?
3
Let p(o) = -o**3 - 7*o**2 - 7*o + 4. Let a be p(-6). Let y = -48 - -43. Let r = y + a. List the prime factors of r.
5
Let a(z) = 2*z + 12. Let r be a(5). Suppose -4*w + 26 = -r. List the prime factors of w.
2, 3
Let v(t) = 222*t + 130. List the prime factors of v(10).
2, 5, 47
Let x(l) = 4 - l**2 + 2 + 2 - 4. Let s be x(0). Suppose 20 = 5*c + 2*y - 34, 3*y + s = c. What are the prime factors of c?
2, 5
Suppose -5*p - 27 - 5 = -3*k, -4 = p. Suppose 95 = 3*d + q, -k*d + q + 21 = -101. List the prime factors of d.
31
List the prime factors of (-19)/(-4) - (-7)/28 - -1389.
2, 17, 41
Let z = -2205 - -3288. What are the prime factors of z?
3, 19
Let c = 7579 + -5371. List the prime factors of c.
2, 3, 23
Let d be ((-35)/20 + 3)*24. Suppose -d*i + 32*i = 388. What are the prime factors of i?
2, 97
Let z = 1643 + -958. List the prime factors of z.
5, 137
Let m = 44 - 32. What are the prime factors of (m - -2) + (4 - 5)?
13
Suppose -2*y + 4 - 6 = 0. Let o(u) = -45*u**3 - 1. Let c be o(y). Suppose 0*b - c = -2*b. List the prime factors of b.
2, 11
Suppose 2*b = -5*d + 15 + 67, d - 5*b - 11 = 0. Let x = 80 + -63. Let k = d + x. What are the prime factors of k?
3, 11
What are the prime factors of (2 + 5603)*(5 - (-154)/(-35))?
3, 19, 59
Suppose -y = 5*c - 7, 2*c + 0 = 3*y - 4. Suppose u = -u - 4*i + 150, y*i + 340 = 4*u. Suppose 5*k = -4*l + 64, -u + 8 = -5*l - 5*k. List the prime factors of l.
11
Suppose -535 = 3*p - 2536. What are the prime factors of p?
23, 29
Let r be (1/2)/(3/(-684)). Let b = 197 + r. Suppose 0 = 2*d + 5*x - b, -4*d - 3*x = -7*x - 152. List the prime factors of d.
3, 13
Let d = -5 - -9. List the prime factors of (-54)/(-2) + 2 + d.
3, 11
Let o be 3/9 + 3/(27/24). Suppose -3*v - 519 = -o*y - 141, 254 = 2*y - v. List the prime factors of y.
2
Let y(k) = -k**3 - 5*k**2 - 6*k - 5. Let n be (-1)/7 + 270/(-70). Let l be y(n). Suppose 4*z = 3*u + 205 - 86, -l*z + 89 = -2*u. List the prime factors of z.
29
Let o be ((-486)/14)/(-9) + (-1)/(-7). Suppose 7*n + 135 = 5*i + 2*n, 108 = 5*i + o*n. What are the prime factors of i?
2, 3
What are the prime factors of 110*4/16*306/15?
3, 11, 17
Let l = 6 - -2. Let s be (-108)/(-8)*(l - 2). Suppose -5*y + f + 99 = 0, -y + s = 3*y + f. What are the prime factors of y?
2, 5
Let b(s) = 1530*s - 13. List the prime factors of b(1).
37, 41
Let l be -21 - ((-2)/2 + -3). Let r(n) = -n**3 - 18*n**2 - 20*n + 36. List the prime factors of r(l).
3, 29
What are the prime factors of -15 - -14 - (-1347 + -1)?
3, 449
Let f(z) = -z**3 + 3*z + 101. Suppose i + 5*o + 25 = -3*i, 4*o = -20. List the prime factors of f(i).
101
Suppose -3*r + 20 = 8. Suppose 0 = r*w + 40 - 112. List the prime factors of w.
2, 3
Let p(s) = s**3 + 6*s**2 - 9*s - 3. Let c be p(-7). Let y be (-246)/22 - (-2)/c. Let d = 15 + y. List the prime factors of d.
2
Let w = -5 - -10. Suppose 5*g - w*q + 20 = 0, 4*q = -0*g + g - 2. Let b(r) = -r**3 - 4*r**2 + 7*r + 6. List the prime factors of b(g).
2, 3
Suppose -f + b + 22 = 0, -5*f + 14 = 3*b - 56. List the prime factors of f.
17
Let b(i) = -8*i - 4 + i + 0. Let z(g) = g**3 + g**2 - 4*g + 1. Let y be z(-3). What are the prime factors of b(y)?
31
Let t(m) = m - 1. Let g be t(6). Suppose 5*q = 5*p - 2*p - 187, q = -g. What are the prime factors of p?
2, 3
Suppose 6*r = 2*r + 20, -5*n = 5*r - 4190. What are the prime factors of n?
7, 17
Let w(f) = -f**3 + 10*f**2 - 8*f + 1. Let n be w(6). Suppose 23 - n = -2*t. List the prime factors of t.
37
Let r(u) = -u**3 + 5*u**2 + 2*u - 7. Let l be r(5). Let h(g) = -4*g**2 + 71*g**3 + 67*g**3 - 3*g + 7 - 135*g**3. List the prime factors of h(l).
43
Let n(m) = 6*m + 1. Let j be n(11). Let z = 96 - j. What are the prime factors of z?
29
Suppose -3*l - k + 462 = -776, 0 = 4*l - 5*k - 1676. What are the prime factors of l?
2, 3, 23
Suppose 14*s = 4*s. Suppose 4*t - 5*d - 37 + 16 = s, 19 = 4*t - 3*d. What are the prime factors of t?
2
Let l(r) = r**2 - 3*r - 8. Let v be (-6)/42 - 81/21. List the prime factors of l(v).
2, 5
Let l = -837 - -1957. What are the prime factors of l?
2, 5, 7
Let d(h) = h**2 - 6*h - 2. Let l be d(7). Let f be 5/(75/(-171))*l. What are the prime factors of 0 + -4 + 1 - f?
2, 3
Let s = 8 + 130. Suppose -3*u - q + 5*q + 433 = 0, s = u + 5*q. Suppose g = 5*z - 180, 0*z + 4*z - g = u. List the prime factors of z.
37
Let q(g) = -g - 2. Let w be q(-4). Suppose w*o + 8 = -2. Let x(m) = -m**3 - 4*m**2 + m + 1. List the prime factors of x(o).
3, 7
Let n(x) = 5*x**3 + x**2 - 2*x + 2. Let h be n(1). Suppose 275 + 283 = h*j. List the prime factors of j.
3, 31
Suppose 5*x + 3*h = 2590, -x - 257 = 2*h - 775. Li